{"id":364,"date":"2023-02-16T16:29:14","date_gmt":"2023-02-16T15:29:14","guid":{"rendered":"https:\/\/www.activis.swiss\/?page_id=364"},"modified":"2023-05-22T08:21:57","modified_gmt":"2023-05-22T06:21:57","slug":"pensionati","status":"publish","type":"page","link":"https:\/\/www.activis.swiss\/it\/pensionati\/","title":{"rendered":"Pensionati: perch\u00e9 non lavorare part-time?"},"content":{"rendered":"","protected":false},"excerpt":{"rendered":"<p> [&#8230;]<\/p>\n<p><a class=\"btn btn-secondary understrap-read-more-link\" href=\"https:\/\/www.activis.swiss\/it\/pensionati\/\">Leggi di pi\u00f9&#8230;<span class=\"screen-reader-text\"> from Pensionati: perch\u00e9 non lavorare part-time?<\/span><\/a><\/p>\n","protected":false},"author":1,"featured_media":0,"parent":0,"menu_order":0,"comment_status":"closed","ping_status":"closed","template":"page-templates\/template-retraites.php","meta":{"_monsterinsights_skip_tracking":false,"_monsterinsights_sitenote_active":false,"_monsterinsights_sitenote_note":"","_monsterinsights_sitenote_category":0,"footnotes":""},"class_list":["post-364","page","type-page","status-publish","hentry"],"yoast_head":"<!-- This site is optimized with the Yoast SEO plugin v25.3 - https:\/\/yoast.com\/wordpress\/plugins\/seo\/ -->\n<title>Pensionati: perch\u00e9 non lavorare part-time? - activis<\/title>\n<meta name=\"robots\" content=\"index, follow, max-snippet:-1, max-image-preview:large, max-video-preview:-1\" \/>\n<link rel=\"canonical\" href=\"https:\/\/www.activis.swiss\/it\/pensionati\/\" \/>\n<meta property=\"og:locale\" content=\"it_IT\" \/>\n<meta property=\"og:type\" content=\"article\" \/>\n<meta property=\"og:title\" content=\"Pensionati: perch\u00e9 non lavorare part-time? - activis\" \/>\n<meta property=\"og:description\" content=\"[...]Leggi di pi\u00f9... from Pensionati: perch\u00e9 non lavorare part-time?\" \/>\n<meta property=\"og:url\" content=\"https:\/\/www.activis.swiss\/it\/pensionati\/\" \/>\n<meta property=\"og:site_name\" content=\"activis\" \/>\n<meta property=\"article:modified_time\" content=\"2023-05-22T06:21:57+00:00\" \/>\n<meta name=\"twitter:card\" content=\"summary_large_image\" \/>\n<script type=\"application\/ld+json\" class=\"yoast-schema-graph\">{\"@context\":\"https:\/\/schema.org\",\"@graph\":[{\"@type\":\"WebPage\",\"@id\":\"https:\/\/www.activis.swiss\/it\/pensionati\/\",\"url\":\"https:\/\/www.activis.swiss\/it\/pensionati\/\",\"name\":\"Pensionati: perch\u00e9 non lavorare part-time? - activis\",\"isPartOf\":{\"@id\":\"https:\/\/www.activis.swiss\/it\/#website\"},\"datePublished\":\"2023-02-16T15:29:14+00:00\",\"dateModified\":\"2023-05-22T06:21:57+00:00\",\"breadcrumb\":{\"@id\":\"https:\/\/www.activis.swiss\/it\/pensionati\/#breadcrumb\"},\"inLanguage\":\"it-IT\",\"potentialAction\":[{\"@type\":\"ReadAction\",\"target\":[\"https:\/\/www.activis.swiss\/it\/pensionati\/\"]}]},{\"@type\":\"BreadcrumbList\",\"@id\":\"https:\/\/www.activis.swiss\/it\/pensionati\/#breadcrumb\",\"itemListElement\":[{\"@type\":\"ListItem\",\"position\":1,\"name\":\"Accueil\",\"item\":\"https:\/\/www.activis.swiss\/it\/activis-e-se-esperienza-facesse-rima-con-abilita\/\"},{\"@type\":\"ListItem\",\"position\":2,\"name\":\"Pensionati: perch\u00e9 non lavorare part-time?\"}]},{\"@type\":\"WebSite\",\"@id\":\"https:\/\/www.activis.swiss\/it\/#website\",\"url\":\"https:\/\/www.activis.swiss\/it\/\",\"name\":\"activis\",\"description\":\"\",\"potentialAction\":[{\"@type\":\"SearchAction\",\"target\":{\"@type\":\"EntryPoint\",\"urlTemplate\":\"https:\/\/www.activis.swiss\/it\/?s={search_term_string}\"},\"query-input\":{\"@type\":\"PropertyValueSpecification\",\"valueRequired\":true,\"valueName\":\"search_term_string\"}}],\"inLanguage\":\"it-IT\"}]}<\/script>\n<!-- \/ Yoast SEO plugin. -->","yoast_head_json":{"title":"Pensionati: perch\u00e9 non lavorare part-time? - activis","robots":{"index":"index","follow":"follow","max-snippet":"max-snippet:-1","max-image-preview":"max-image-preview:large","max-video-preview":"max-video-preview:-1"},"canonical":"https:\/\/www.activis.swiss\/it\/pensionati\/","og_locale":"it_IT","og_type":"article","og_title":"Pensionati: perch\u00e9 non lavorare part-time? - activis","og_description":"[...]Leggi di pi\u00f9... from Pensionati: perch\u00e9 non lavorare part-time?","og_url":"https:\/\/www.activis.swiss\/it\/pensionati\/","og_site_name":"activis","article_modified_time":"2023-05-22T06:21:57+00:00","twitter_card":"summary_large_image","schema":{"@context":"https:\/\/schema.org","@graph":[{"@type":"WebPage","@id":"https:\/\/www.activis.swiss\/it\/pensionati\/","url":"https:\/\/www.activis.swiss\/it\/pensionati\/","name":"Pensionati: perch\u00e9 non lavorare part-time? - activis","isPartOf":{"@id":"https:\/\/www.activis.swiss\/it\/#website"},"datePublished":"2023-02-16T15:29:14+00:00","dateModified":"2023-05-22T06:21:57+00:00","breadcrumb":{"@id":"https:\/\/www.activis.swiss\/it\/pensionati\/#breadcrumb"},"inLanguage":"it-IT","potentialAction":[{"@type":"ReadAction","target":["https:\/\/www.activis.swiss\/it\/pensionati\/"]}]},{"@type":"BreadcrumbList","@id":"https:\/\/www.activis.swiss\/it\/pensionati\/#breadcrumb","itemListElement":[{"@type":"ListItem","position":1,"name":"Accueil","item":"https:\/\/www.activis.swiss\/it\/activis-e-se-esperienza-facesse-rima-con-abilita\/"},{"@type":"ListItem","position":2,"name":"Pensionati: perch\u00e9 non lavorare part-time?"}]},{"@type":"WebSite","@id":"https:\/\/www.activis.swiss\/it\/#website","url":"https:\/\/www.activis.swiss\/it\/","name":"activis","description":"","potentialAction":[{"@type":"SearchAction","target":{"@type":"EntryPoint","urlTemplate":"https:\/\/www.activis.swiss\/it\/?s={search_term_string}"},"query-input":{"@type":"PropertyValueSpecification","valueRequired":true,"valueName":"search_term_string"}}],"inLanguage":"it-IT"}]}},"_links":{"self":[{"href":"https:\/\/www.activis.swiss\/it\/wp-json\/wp\/v2\/pages\/364","targetHints":{"allow":["GET"]}}],"collection":[{"href":"https:\/\/www.activis.swiss\/it\/wp-json\/wp\/v2\/pages"}],"about":[{"href":"https:\/\/www.activis.swiss\/it\/wp-json\/wp\/v2\/types\/page"}],"author":[{"embeddable":true,"href":"https:\/\/www.activis.swiss\/it\/wp-json\/wp\/v2\/users\/1"}],"replies":[{"embeddable":true,"href":"https:\/\/www.activis.swiss\/it\/wp-json\/wp\/v2\/comments?post=364"}],"version-history":[{"count":1,"href":"https:\/\/www.activis.swiss\/it\/wp-json\/wp\/v2\/pages\/364\/revisions"}],"predecessor-version":[{"id":365,"href":"https:\/\/www.activis.swiss\/it\/wp-json\/wp\/v2\/pages\/364\/revisions\/365"}],"wp:attachment":[{"href":"https:\/\/www.activis.swiss\/it\/wp-json\/wp\/v2\/media?parent=364"}],"curies":[{"name":"wp","href":"https:\/\/api.w.org\/{rel}","templated":true}]}}

Pensionati: perché non lavorare part-time?

<p> [&#8230;]</p>
<p><a class="btn btn-secondary understrap-read-more-link" href="https://www.activis.swiss/it/pensionati/">Leggi di più&#8230;<span class="screen-reader-text"> from Pensionati: perché non lavorare part-time?</span></a></p>

<!-- This site is optimized with the Yoast SEO plugin v25.3 - https://yoast.com/wordpress/plugins/seo/ -->
<title>Pensionati: perché non lavorare part-time? - activis</title>
<meta name="robots" content="index, follow, max-snippet:-1, max-image-preview:large, max-video-preview:-1" />
<link rel="canonical" href="https://www.activis.swiss/it/pensionati/" />
<meta property="og:locale" content="it_IT" />
<meta property="og:type" content="article" />
<meta property="og:title" content="Pensionati: perché non lavorare part-time? - activis" />
<meta property="og:description" content="[...]Leggi di più... from Pensionati: perché non lavorare part-time?" />
<meta property="og:url" content="https://www.activis.swiss/it/pensionati/" />
<meta property="og:site_name" content="activis" />
<meta property="article:modified_time" content="2023-05-22T06:21:57+00:00" />
<meta name="twitter:card" content="summary_large_image" />
<script type="application/ld+json" class="yoast-schema-graph">{"@context":"https://schema.org","@graph":[{"@type":"WebPage","@id":"https://www.activis.swiss/it/pensionati/","url":"https://www.activis.swiss/it/pensionati/","name":"Pensionati: perché non lavorare part-time? - activis","isPartOf":{"@id":"https://www.activis.swiss/it/#website"},"datePublished":"2023-02-16T15:29:14+00:00","dateModified":"2023-05-22T06:21:57+00:00","breadcrumb":{"@id":"https://www.activis.swiss/it/pensionati/#breadcrumb"},"inLanguage":"it-IT","potentialAction":[{"@type":"ReadAction","target":["https://www.activis.swiss/it/pensionati/"]}]},{"@type":"BreadcrumbList","@id":"https://www.activis.swiss/it/pensionati/#breadcrumb","itemListElement":[{"@type":"ListItem","position":1,"name":"Accueil","item":"https://www.activis.swiss/it/activis-e-se-esperienza-facesse-rima-con-abilita/"},{"@type":"ListItem","position":2,"name":"Pensionati: perché non lavorare part-time?"}]},{"@type":"WebSite","@id":"https://www.activis.swiss/it/#website","url":"https://www.activis.swiss/it/","name":"activis","description":"","potentialAction":[{"@type":"SearchAction","target":{"@type":"EntryPoint","urlTemplate":"https://www.activis.swiss/it/?s={search_term_string}"},"query-input":{"@type":"PropertyValueSpecification","valueRequired":true,"valueName":"search_term_string"}}],"inLanguage":"it-IT"}]}</script>
<!-- / Yoast SEO plugin. -->

Pensionati: perché non lavorare part-time? - activis

[...]Leggi di più... from Pensionati: perché non lavorare part-time?
