{"version":"1.0","provider_name":"activis","provider_url":"https:\/\/www.activis.swiss\/de\/","author_name":"Marketing","author_url":"https:\/\/www.activis.swiss\/de\/author\/teammarketing\/","title":"Pflegekraft \u00fcber 65: Zwischen Notwendigkeit und Berufung - activis","type":"rich","width":600,"height":338,"html":"<blockquote class=\"wp-embedded-content\" data-secret=\"pL0MnRgDpl\"><a href=\"https:\/\/www.activis.swiss\/de\/pflegekraft-ueber-65-zwischen-notwendigkeit-und-berufung\/\">Pflegekraft \u00fcber 65: Zwischen Notwendigkeit und Berufung<\/a><\/blockquote><iframe sandbox=\"allow-scripts\" security=\"restricted\" src=\"https:\/\/www.activis.swiss\/de\/pflegekraft-ueber-65-zwischen-notwendigkeit-und-berufung\/embed\/#?secret=pL0MnRgDpl\" width=\"600\" height=\"338\" title=\"&#8222;Pflegekraft \u00fcber 65: Zwischen Notwendigkeit und Berufung&#8220; &#8212; activis\" data-secret=\"pL0MnRgDpl\" frameborder=\"0\" marginwidth=\"0\" marginheight=\"0\" scrolling=\"no\" class=\"wp-embedded-content\"><\/iframe><script>\n\/*! This file is auto-generated *\/\n!function(d,l){\"use strict\";l.querySelector&&d.addEventListener&&\"undefined\"!=typeof URL&&(d.wp=d.wp||{},d.wp.receiveEmbedMessage||(d.wp.receiveEmbedMessage=function(e){var t=e.data;if((t||t.secret||t.message||t.value)&&!\/[^a-zA-Z0-9]\/.test(t.secret)){for(var s,r,n,a=l.querySelectorAll('iframe[data-secret=\"'+t.secret+'\"]'),o=l.querySelectorAll('blockquote[data-secret=\"'+t.secret+'\"]'),c=new RegExp(\"^https?:$\",\"i\"),i=0;i<o.length;i++)o[i].style.display=\"none\";for(i=0;i<a.length;i++)s=a[i],e.source===s.contentWindow&&(s.removeAttribute(\"style\"),\"height\"===t.message?(1e3<(r=parseInt(t.value,10))?r=1e3:~~r<200&&(r=200),s.height=r):\"link\"===t.message&&(r=new URL(s.getAttribute(\"src\")),n=new URL(t.value),c.test(n.protocol))&&n.host===r.host&&l.activeElement===s&&(d.top.location.href=t.value))}},d.addEventListener(\"message\",d.wp.receiveEmbedMessage,!1),l.addEventListener(\"DOMContentLoaded\",function(){for(var e,t,s=l.querySelectorAll(\"iframe.wp-embedded-content\"),r=0;r<s.length;r++)(t=(e=s[r]).getAttribute(\"data-secret\"))||(t=Math.random().toString(36).substring(2,12),e.src+=\"#?secret=\"+t,e.setAttribute(\"data-secret\",t)),e.contentWindow.postMessage({message:\"ready\",secret:t},\"*\")},!1)))}(window,document);\n<\/script>\n","thumbnail_url":"https:\/\/www.activis.swiss\/wp-content\/uploads\/AdobeStock_264600108-scaled.jpeg","thumbnail_width":2560,"thumbnail_height":1707,"description":"Nachdem sie ihr Leben lang ihren Mann in seiner selbstst\u00e4ndigen beruflichen Laufbahn unterst\u00fctzt hatte, musste Elisabeth, ausgebildete Pflegefachfrau, nach ihrer Pensionierung wieder ins Berufsleben zur\u00fcckkehren. Was zun\u00e4chst eine Notwendigkeit war, entwickelte sich schnell zu einer erf\u00fcllenden Aufgabe \u2013 angetrieben von ihrer Leidenschaft f\u00fcr den Beruf und die F\u00fcrsorge f\u00fcr ihre Patienten.\u00a0 Elisabeth*, eine ausgebildete Pflegefachfrau,"}

Pflegekraft über 65: Zwischen Notwendigkeit und Berufung - activis

<blockquote class="wp-embedded-content" data-secret="pL0MnRgDpl"><a href="https://www.activis.swiss/de/pflegekraft-ueber-65-zwischen-notwendigkeit-und-berufung/">Pflegekraft über 65: Zwischen Notwendigkeit und Berufung</a></blockquote><iframe sandbox="allow-scripts" security="restricted" src="https://www.activis.swiss/de/pflegekraft-ueber-65-zwischen-notwendigkeit-und-berufung/embed/#?secret=pL0MnRgDpl" width="600" height="338" title="&#8222;Pflegekraft über 65: Zwischen Notwendigkeit und Berufung&#8220; &#8212; activis" data-secret="pL0MnRgDpl" frameborder="0" marginwidth="0" marginheight="0" scrolling="no" class="wp-embedded-content"></iframe><script>
/*! This file is auto-generated */
!function(d,l){"use strict";l.querySelector&&d.addEventListener&&"undefined"!=typeof URL&&(d.wp=d.wp||{},d.wp.receiveEmbedMessage||(d.wp.receiveEmbedMessage=function(e){var t=e.data;if((t||t.secret||t.message||t.value)&&!/[^a-zA-Z0-9]/.test(t.secret)){for(var s,r,n,a=l.querySelectorAll('iframe[data-secret="'+t.secret+'"]'),o=l.querySelectorAll('blockquote[data-secret="'+t.secret+'"]'),c=new RegExp("^https?:$","i"),i=0;i<o.length;i++)o[i].style.display="none";for(i=0;i<a.length;i++)s=a[i],e.source===s.contentWindow&&(s.removeAttribute("style"),"height"===t.message?(1e3<(r=parseInt(t.value,10))?r=1e3:~~r<200&&(r=200),s.height=r):"link"===t.message&&(r=new URL(s.getAttribute("src")),n=new URL(t.value),c.test(n.protocol))&&n.host===r.host&&l.activeElement===s&&(d.top.location.href=t.value))}},d.addEventListener("message",d.wp.receiveEmbedMessage,!1),l.addEventListener("DOMContentLoaded",function(){for(var e,t,s=l.querySelectorAll("iframe.wp-embedded-content"),r=0;r<s.length;r++)(t=(e=s[r]).getAttribute("data-secret"))||(t=Math.random().toString(36).substring(2,12),e.src+="#?secret="+t,e.setAttribute("data-secret",t)),e.contentWindow.postMessage({message:"ready",secret:t},"*")},!1)))}(window,document);
</script>

Nachdem sie ihr Leben lang ihren Mann in seiner selbstständigen beruflichen Laufbahn unterstützt hatte, musste Elisabeth, ausgebildete Pflegefachfrau, nach ihrer Pensionierung wieder ins Berufsleben zurückkehren. Was zunächst eine Notwendigkeit war, entwickelte sich schnell zu einer erfüllenden Aufgabe – angetrieben von ihrer Leidenschaft für den Beruf und die Fürsorge für ihre Patienten.  Elisabeth*, eine ausgebildete Pflegefachfrau,
